(-3)?
-2
Let n = 38 - 26. Let w be (-50)/n + (-2)/(-12). Let l(z) = -2*z**2 - 7 - 5*z - 3*z**2 - z**3 + 2. Give l(w).
-1
Let n(l) be the second derivative of -l**5/20 - l**4/6 - l**2/2 - 3*l. Suppose -4*f - 10 = f. Calculate n(f).
-1
Let y(r) = 11*r + 1835 + 2*r**2 - 1839 - 3*r**2. Calculate y(10).
6
Let l(b) = 6*b**2 - 1. Let q(i) = i - 1. Let z be q(2). Let a be l(z). Let c(x) = -x**2 + 5*x + 4. Calculate c(a).
4
Let y(d) = -d**2 + 4*d - 4. Suppose -7 = -k - 3. Determine y(k).
-4
Suppose -3*t + 1 = -5*c + 21, 3*c + 4*t - 12 = 0. Suppose 0 = c*k - 2*k + 2. Let d(r) = 2*r**2 - r - 1. Calculate d(k).
2
Let r(k) = -3*k**2 + 3*k - 3. Let z be r(1). Let v(c) be the third derivative of c**4/24 + 2*c**3/3 + c**2. Give v(z).
1
Let c(v) be the first derivative of -v**3/3 + 3*v**2/2 - v - 2. Let k(r) = r**3 + 7*r**2 + 1. Let m be k(-7). Suppose 0*l - m = -l. What is c(l)?
1
Let z(j) = 8*j. Let f(s) = -s**2 + 10*s + 10. Let q be f(11). What is z(q)?
-8
Let b be (-1)/(0 - (-2)/(-4)). Let l(u) = u**2 + u + 5 - 1 - 2*u**b. Calculate l(0).
4
Let a be (4/(-14))/((-6)/42). Let w(o) = o**3 + 5 - 5 + 0*o + 2*o**a - 1 - 2*o. Determine w(-2).
3
Let h(v) = -v. Let b(a) = -a - 1. Let c(f) = -5*b(f) + 4*h(f). Determine c(-6).
-1
Let r(o) be the first derivative of 5*o**2/2 + o - 1. Let z = 0 + 1. Give r(z).
6
Let k(x) = 4*x + 1. Let d(l) = l - 1. Let p(s) = -2*d(s) + k(s). Let j be p(-2). Let h(o) be the second derivative of o**3/3 + o. Give h(j).
-2
Let l(y) = 3 - 1 + 3*y**3 - y**2 - 1. Suppose 2*j = 3*p - 15, -2*p + 3*j = 6 - 21. Let h(s) = -s**3 + 3*s**2 - 1. Let d be h(p). Calculate l(d).
-3
Let b(i) be the third derivative of 1/120*i**6 - 1/10*i**5 + 1/8*i**4 + 0 - 7/6*i**3 + 4*i**2 + 0*i. What is b(6)?
11
Let l(b) = -b**3 + 4*b**2 - 2. Suppose 0 = -5*w + w + 16. Determine l(w).
-2
Suppose -x - 4*m - 1 = 3, 2*m = 3*x + 12. Let p(h) = -7*h + 8. Let w(j) = 6*j - 7. Let u(g) = -5*p(g) - 6*w(g). What is u(x)?
6
Let k be ((-4)/6)/(4/(-12))*2. Let a(i) = -i. Let q(t) = -5*t - 1. Let y(x) = 6*a(x) - q(x). Give y(k).
-3
Let s = 12 + -14. Let i = s - 1. Let k(m) = -m**3 - 5*m**2 - 4*m - 4. Calculate k(i).
-10
Let a(p) = -6*p + 5. Let z(x) = 3*x - 2. Let v(u) = 4*a(u) + 7*z(u). Let h(c) = 4*c**3 - c + 1. Let s be h(1). Suppose s = -0*n + n. Calculate v(n).
-6
Let v(a) = a**3 + 6*a**2 - 7*a - 8. Let b = 66 + -73. Give v(b).
-8
Let v(p) = 2*p - 2*p - 3*p + 2*p**2 + 9. Let z(w) = w**2 - w + 4. Let r(h) = -2*v(h) + 5*z(h). Let c(l) = -l**2 - 5*l - 3. Let g be c(-5). Determine r(g).
8
Let a(i) = -i**3 + 3*i**2 - i - 1. Let z be (-7 + 8)*(-2)/((-2)/3). Determine a(z).
-4
Let h(x) = x**3 + 5*x**2 + 5*x + 5. Let p be h(-4). Let s(g) = -2*g. What is s(p)?
-2
Let u(y) = -21*y**2 + 1. Suppose 0 = -2*i + 10, -6 = -3*n + 7*n - 2*i. Calculate u(n).
-20
Let l(u) = u. Suppose 0 = -g - 7 + 9. What is l(g)?
2
Let d be (3/3)/(2/(-6)*-1). Let w(b) = b**3 - 2*b**2 - 2. Give w(d).
7
Let i(x) = x**2 - 5. Let n = 7 - 4. Suppose n*m = -0*m. Give i(m).
-5
Let w(p) = p**3 - 6*p**2 + 3*p - 4. Let a be 7 + (4 + -5 - 1). Determine w(a).
-14
Let i(o) = 4*o + 4 + 0*o**2 - 2*o**2 - 2*o. Let s(m) = m**2 - m - 4. Let k be s(6). Let p be k/10 + (-12)/(-30). What is i(p)?
-8
Let p(g) be the third derivative of 1/24*g**4 + 2/3*g**3 + 2*g**2 + 0 + 0*g + 1/60*g**5. Calculate p(0).
4
Let h(p) be the third derivative of -p**5/60 - 5*p**4/24 + 2*p**2. What is h(-4)?
4
Let l(c) = -5*c**2 - 3*c + 11. Let s(x) = -2*x**2 - x + 5. Let m(w) = 4*l(w) - 9*s(w). Let h = -5 - -3. Give m(h).
-3
Let f(q) = q**2 - 7*q + 5. Let o be ((-1)/2)/((-2)/(-4)). Suppose 2*l = 5*s - 40, -3*l + 1 + 8 = 4*s. Let c = s + o. Give f(c).
-5
Let c(f) be the second derivative of 5/2*f**2 - 4*f + 0 - 1/12*f**4 + 1/6*f**3 - 1/20*f**5. Calculate c(0).
5
Let j(u) be the third derivative of u**6/120 - 7*u**5/60 - 3*u**2. Calculate j(7).
0
Let y(j) = j**2 - 4*j - 7. Let l = 26 - 8. Let v = l + -13. Determine y(v).
-2
Let x be 4/6 + 10/3. Let n(l) = 4*l**2 - 5*l**2 + x*l**2 - 2*l**2. Determine n(1).
1
Let h(o) = o - 1. Suppose 0 = y - 2*y + 4. Give h(y).
3
Let m(k) = 5*k - 1. Let f(v) = v. Let u(i) = -6*f(i) + m(i). Let c = 150 - 148. Give u(c).
-3
Let v(m) = -2*m**2 + 9*m - 9. Let y(o) be the first derivative of o**3/3 - 2*o**2 + 4*o - 4. Let b(j) = 3*v(j) + 7*y(j). Determine b(2).
3
Let b(u) be the first derivative of -u**2 - 6*u + 3. Let s(x) be the first derivative of x**2/2 - 4*x + 1. Let d be s(0). What is b(d)?
2
Let g(t) = 5*t**3 - 4*t**2 + 5*t + 7. Let v(s) = s**3 + 1. Let i(d) = -g(d) + 6*v(d). What is i(-5)?
-1
Let k = 11 + -11. Let c be (k + -1)*(0 - 2). Let b(l) = l**3 + 1. Let o(v) = -4*v**3 + 3*v**2 - 2*v - 4. Let x(a) = 3*b(a) + o(a). Calculate x(c).
-1
Let d(g) = -g**3 - 7*g**2 - g - 5. Let h be d(-7). Let l(u) = 11*u**3 - 83*u**2 + 41*u**2 - u + 44*u**h. Let v be 2 - (-2)/(-1*2). What is l(v)?
12
Let c(s) be the first derivative of -s**3/3 - s**2/2 + s + 19. Give c(2).
-5
Let l(h) = 0 + 1 - 2*h**2 + h**2. Let o(p) = p**3 + 10*p**2 - p - 6. Let x be o(-10). Let z(j) = -j**2 + 5*j - 5. Let d be z(x). Give l(d).
0
Let w(p) = -p - 2. Suppose -5*q + 5*y = 2*y - 18, 3*y = 2*q. Suppose 4*k = q*k - 12. Calculate w(k).
-8
Let s(u) be the third derivative of u**6/20 - u**4/24 - u**2. Let k = -5 - 3. Let l = k + 7. Calculate s(l).
-5
Let r(x) = -x - 5. Suppose -i + 3*v = 3*i - 47, -4 = 2*i + 4*v. What is r(i)?
-13
Let d(s) = s**3 + 8*s**2 + 8*s + 9. Suppose -2*u - 2*u + 36 = 0. Let i be ((-3)/u)/(1/21). Let o be d(i). Let h(w) = 2*w + 1. Determine h(o).
5
Let f be (5/10)/((-1)/(-12)). Let t be -1*3/f*-2. Let x(o) = t - 11*o + 9*o + 2. Give x(-3).
9
Let a(s) be the third derivative of -s**4/24 + s**3/6 - 4*s**2. Let f be -1*-3*2/(-3). Give a(f).
3
Let o(h) = -3*h**2 + 4*h + 2. Let w(l) = -8*l**2 + 7*l + 4. Let q(g) = -5*o(g) + 2*w(g). What is q(-5)?
3
Let n(c) = -3*c + 5. Suppose b = 4 + 1. Determine n(b).
-10
Let a be 4/(-6)*30/(-4). Suppose 2 = -4*i + 10, 4*i - 18 = -a*b. Let w(f) = -5 + 1 + 3 + f**b. Calculate w(1).
0
Let g(u) = 5*u**2 + 0*u**2 - 2*u**2 + u. Let w = -6 + 8. Let q = w + -1. What is g(q)?
4
Let c(t) = t**2 + 8*t + 2. Let f be c(-6). Let b = -3 - f. Let i(g) = -g + 10. Give i(b).
3
Let m be (-2 - (0 - -1))*-1. Suppose -4*a + m*a = -2*u, 4*a = -3*u. Suppose -3*f - f - 20 = u. Let c(x) = -x + 1. Calculate c(f).
6
Suppose -5*b - 11 - 9 = 0. Let j(m) = m**3 + 5*m**2 + 2*m - 4. Give j(b).
4
Let m(i) = 19 - 1625*i**2 + 1624*i**2 - 1 - 15*i. What is m(-16)?
2
Let a(m) = m**2 - 6*m - 7. Let c = -14 - -21. Calculate a(c).
0
Let y(q) = 2*q**2 + 3*q - 3. Let g be -6 + (5 + -3 - -1). What is y(g)?
6
Let a = 12 + -8. Suppose -4*w + 24 - 8 = 0. Let i(d) = d + w - 2 - 3. Give i(a).
3
Let h(t) = -2*t - 1. Let q = -31 + 29. Determine h(q).
3
Let i(l) = -l**2 + 7*l + 1. Let r = -25 + 16. Let t be ((-30)/r + -3)*18. Determine i(t).
7
Let l(g) be the third derivative of 3*g**2 + 0*g**4 + 0*g**5 + 0*g + 0 + 1/20*g**6 + 0*g**3. What is l(-1)?
-6
Let b(s) be the first derivative of s**6/120 - 7*s**5/60 + s**4/4 + s**3/6 - 2*s**2 + 4. Let t(o) be the second derivative of b(o). Calculate t(6).
1
Let d be (-1 - -2) + (1 - 1). Let f(m) = 10*m**2 - 123*m + 0 - d + 123*m. Suppose 0 = 3*x - 5*j - 2, 3*j + 0 + 7 = -4*x. What is f(x)?
9
Let q(i) = -i**2 - 7*i - 4. Let o be q(-6). Let c(t) = 8 - 3*t**3 - 3*t**2 + 4*t**3 + 0*t**2 - 3*t**o. Determine c(6).
8
Let o(w) be the third derivative of 0 + 1/3*w**3 + 1/15*w**5 - 1/120*w**6 + 0*w - 1/12*w**4 + 3*w**2. Give o(3).
5
Let y(k) = 6*k**2 + 1. Suppose 0 = -j + 2 - 3. Determine y(j).
7
Let j(l) = -l**3 + 5*l**2 + l - 5. Suppose 2 = t + f, -f = 3*t - 3 + 5. Let y = t - -7. Determine j(y).
0
Let c(v) = -v**2 + 5*v + 7. Let i be c(6). Let x(u) = 2*u**2 - 5*u**3 - 13*u**3 + 26*u**3 - 1. What is x(i)?
9
Suppose -w - w = -8. Let p(g) = 2833 + g - 5668 + 2836. Calculate p(w).
5
Let p(y) be the third derivative of -y**4/8 - 5*y**3/3 + 9*y**2. Determine p(-7).
11
Suppose -c = -2 + 6. Let a = c - -8. Suppose a*t - 7 - 13 = 0. Let w(d) = d**2 - 5*d + 3. Determine w(t).
3
Let v(h) be the third derivative of h**8/6720 - h**7/504 + 7*h**6/720 - h**5/20 - h**4/8 - h**2. Let t(f) be the second derivative of v(f). Determine t(4).
6
Let g(c) = c**2 - c - 2. Let s(o) = 5*o**2 - 4*o - 9. Let a(n) = 9*g(n) - 2*s(n). Suppose -3*p